 units digit of o?
1
Suppose -11*z - 88 = -2596. What is the units digit of z?
8
Suppose -43*q = -30*q - 33332. What is the units digit of q?
4
Suppose 2540 = -42*k + 52*k. What is the tens digit of k?
5
Let k = -10 - -13. Suppose -2*b - 4*i = -140, 5 = -k*i + 2. What is the units digit of b?
2
Let r = 80 - 38. Let b be (-1)/(128/r - 3). What is the units digit of 96/7 - 6/b?
4
What is the tens digit of (32/40)/(0 - 10/(-28825))?
0
Let q = 30 - 26. Suppose -976 = -5*p - 2*l, -q*p - 3*l = 313 - 1091. What is the tens digit of p?
9
Let d = 4904 - 3270. What is the units digit of d?
4
What is the units digit of (-808)/(-101) + 714 + -1?
1
Let p be 1/12*4*606. Let i = 335 - p. Suppose 3*r - j - 52 = 0, -5*r + i = 3*j + 23. What is the units digit of r?
9
Let b(u) = -u**2 - 5*u - 1. Let r be b(-5). Let z be 40/12*r*3. What is the units digit of (1 - 17)*5/z?
8
Suppose 6*x - 3*x = -3. Let f be 1/(x*2/6). Let h(r) = r + 4. What is the units digit of h(f)?
1
Let i = -86 + 198. Let x = i + -98. What is the tens digit of x?
1
Let c be (-481)/(-8) - 7/56. Suppose -3*r - 62 = -f, -2*r - 2*f = 2*f + c. Let u = 41 + r. What is the tens digit of u?
1
Suppose 7*q - 15755 = -16*q. What is the tens digit of q?
8
What is the tens digit of 4*(-2)/(-20) + 30696/10?
7
Suppose 0*k - k + 697 = 3*x, 0 = -k + x + 693. What is the tens digit of k?
9
Suppose 2 = 5*h - 3, -16 = -3*m - 4*h. Suppose o - 4*u + 9 = 0, 3*o + 8 = -4*u + 45. Suppose -2*l + 5*y = -m*l - 1, -y = l - o. What is the units digit of l?
2
Let y(f) be the second derivative of -f**5/20 + f**4 - 5*f**3/3 - 4*f**2 - 2*f. Let c be y(11). What is the units digit of -1 + -4 + 55 + c?
3
Let w = 377 - 158. What is the tens digit of w?
1
Suppose 0 = -13*m - 127*m + 376880. What is the hundreds digit of m?
6
Suppose 2881 = 3*b - 3089. What is the hundreds digit of b?
9
Suppose 10*j - 245 = 5*j. Let z = j + 39. Suppose 3*u - z = -u. What is the units digit of u?
2
Let q be 9/2 - 21/14. Suppose -q*g = 5*m - 208, -224 = -5*m + g - 0*g. What is the tens digit of m?
4
Let a(l) = 34*l**2 + 4*l + 9. Let w be a(3). Let h = -195 + w. What is the tens digit of h?
3
Let h = 2 - 2. Suppose h = -7*q + 4*q + 30. What is the units digit of 60/14 + q/(-35)?
4
What is the hundreds digit of -5*(-3)/15 + (-800)/(-4)?
2
Suppose 5*v = 5*r - 1210, v - 5*v = -r + 257. What is the hundreds digit of r?
2
Let t(z) = z - 14. Let m be t(7). Let b = m + 21. Let q = b + -12. What is the units digit of q?
2
Let i(p) = 9*p - 1 + 11*p - 16*p. Let d(z) = -3*z + 2. Let t(f) = -3*d(f) - 4*i(f). What is the units digit of t(-2)?
2
Suppose -8 = -4*l + 8. Let f(w) = -9*w - 15. Let s be f(-2). Suppose -l*b = -s*b + 3*i - 62, 2*b - 133 = -3*i. What is the units digit of b?
1
Let m = 12 - 22. Suppose 3 = w, w + 3*w - 17 = a. What is the tens digit of 4 - (m/a - 67)?
6
What is the thousands digit of (3 + -4 + -17)/((-6)/933)?
2
Let s(f) be the first derivative of f**4/4 + 2*f**3 - 7*f**2 - 9*f + 4. What is the tens digit of s(-6)?
7
Suppose -12*k = -14*k + 4. Let q(f) = 29*f**3 - f**2 + 5*f - 4. What is the hundreds digit of q(k)?
2
Let r(v) = -15*v**3 - v**2. Let w be r(1). Let j be 43/2 - (-8)/w. Let l = j - -4. What is the units digit of l?
5
Let v(z) = -z**3 + 9*z**2 + 12*z - 2. Let n be v(10). Suppose 0 = n*o - 19*o. Suppose o = 3*y + 4*i + 10, y - 5*y - 5*i - 12 = 0. What is the units digit of y?
2
Let g = -28 + -14. Let t = -7 - g. What is the tens digit of t?
3
Let y(o) = 8*o - 6*o**2 - 3*o - 4 + 7*o**3 - 8*o**3. Let p be y(-7). Suppose 5*t = -k + p, -4*k = -4*t + 2*t + 26. What is the units digit of t?
3
Let y(q) = 2*q**2 - q - 2. Let k be y(2). Suppose 0 = s + 4*o - o + 3, -s + 27 = -3*o. What is the units digit of k/6 - (-124)/s?
1
Let k = 419 - 260. Suppose -7*a + k + 72 = 0. What is the tens digit of a?
3
Suppose -4*m + 5*z = -3591, 6*z - 10*z = 12. What is the hundreds digit of m?
8
Let x be (-1)/(-3) - 16/12. Let t be -4 + 9 + x + 0. What is the tens digit of 96/t + 3 + 0?
2
Suppose 0 + 5 = r. Suppose -a = -r - 95. Let u = a - 69. What is the tens digit of u?
3
Suppose -964*q = -961*q - 10449. What is the hundreds digit of q?
4
Let t = -542 + 97. Let i = 12 - 9. What is the units digit of (-2)/(i - t/(-145))?
9
Suppose 2*z + 3*z + 4*f = -16, -14 = 4*z + 2*f. Let a(b) = -17*b + 47. What is the tens digit of a(z)?
1
Let g = -65 + 323. What is the tens digit of g?
5
What is the hundreds digit of (4 - -3 - 6)*185?
1
What is the hundreds digit of 4300 - 5/2*(-46)/115?
3
Suppose -4*g = -k - 16, 3*k + 4*g - 48 = -16. Suppose 2*u = k*d - 15 - 119, 9 = 3*u. What is the tens digit of d?
3
Let y = -121 + 108. Suppose -i - 2*s + 1 = 29, -2*s + 164 = -5*i. Let b = y - i. What is the units digit of b?
9
Let f(j) = -55*j - 146. What is the tens digit of f(-54)?
2
Suppose -214 + 1075 = 7*s. What is the hundreds digit of s?
1
What is the hundreds digit of (46080/420)/(2/28)?
5
Let y = 54 - 24. Suppose 8*a + y = 9*a. What is the tens digit of a?
3
Let c be -14 - (-6 + 4 - -4). Let b(l) be the third derivative of l**6/120 + 17*l**5/60 + l**4/2 - 8*l**3/3 - l**2. What is the units digit of b(c)?
8
Let a = 51 - 61. Suppose -4*k + 51 = -41. Let y = a + k. What is the tens digit of y?
1
Let q(u) = -4*u**2 + 10*u + 9. Let b(w) = 5*w**2 - 10*w - 8. Let z(x) = 5*b(x) + 6*q(x). What is the units digit of z(-13)?
3
Let s be 2/3 - (-164)/6. Suppose w - s = -w. What is the tens digit of w?
1
Let f be (-3)/(425/(-105) - -4). Let p = 211 - f. What is the tens digit of p?
4
Suppose -8953 - 6439 = -16*n. What is the units digit of n?
2
Let i = 3728 + -2019. What is the tens digit of i?
0
Suppose 2*m + 6 = 5*o, m - 5*o = 4*m - 16. Suppose -15 - 6 = -3*h - m*y, 0 = -4*h - 4*y + 32. Suppose h*j - 16 = j. What is the units digit of j?
4
Suppose 2 = -3*r - 16. Let o(j) = j**2 + 3*j - 5. Let m be o(r). Suppose 2*i - 52 = -4*k, -k + m = 2*i - 6. What is the tens digit of k?
1
Let k be 14/((4/(-18))/2). Let m = k + 241. Suppose 2*g - m = -3*g. What is the units digit of g?
3
Let g = 14796 + -8316. What is the tens digit of g?
8
Let s(x) = 20*x - 11. Let b be s(3). Let d = 201 - b. What is the units digit of d?
2
Let h(b) = -9*b + 40. Let t be h(4). What is the tens digit of (1 + -3)/(0 - t/276)?
3
Let u(q) = q**3 - 2*q**2 + 2. Let k be u(3). Suppose k*c = 6*c + 1570. Suppose -c = -6*g - 128. What is the units digit of g?
1
Let w(i) = -i**3 - 7*i**2 + 8*i + 2. Let s = 9 - 5. Suppose 0 = 4*v - 5*r + 22, r + 10 = -s*r. What is the units digit of w(v)?
2
Let h(q) = -2*q + 2. Let t be h(-17). Let n = -18 + t. What is the units digit of n?
8
Let u be 58/(-18) - (-4)/18. Let i be -27 - u*1/(-3). Let c = -18 - i. What is the units digit of c?
0
Let g be 7 + 270/(-25) - (-1)/(-5). What is the tens digit of 4/8*-1 + (-446)/g?
1
Let v(y) = 10*y**2 - 8*y - 6. Let b be v(-6). Suppose -f - 135 = -h - 2*f, 0 = 3*h + 2*f - b. What is the tens digit of h?
3
What is the thousands digit of 1/(-3)*-1 + (-41776)/(-24)?
1
What is the units digit of (32/80)/(2/670*2)?
7
Suppose 2*x = -2*g + 258, 2*g + 3*x + 273 = 4*g. What is the hundreds digit of g?
1
Let q = -60 - -51. Let a(p) = -2*p + 1. What is the tens digit of a(q)?
1
Let g(l) = -154*l**3 - 3*l**2 - 11*l - 53. What is the tens digit of g(-3)?
1
Suppose -5*w + 7*i = 3*i - 2786, 2*w = 2*i + 1116. What is the units digit of w?
4
Suppose 0 = x + 2 + 10. Let z be -2*18/(-12) - -29. Let o = x + z. What is the tens digit of o?
2
Let r = 17 - 13. Let k be -1 + (r - (0 + -17)). Suppose -28 - k = -2*v. What is the units digit of v?
4
Suppose 2 = -o - 0, 19 = 3*l - 2*o. Suppose l*x = 7*x - 134. What is the units digit of x?
7
Let a be ((-14)/5)/(2/(-5)). Suppose -2*z - a - 9 = 0. What is the tens digit of 42/(4/z - -2)?
2
Suppose 126*j + 211 = 127*j. Let y = j + -108. What is the units digit of y?
3
Let u be -4*4/(-4) - -101. Suppose -4*h - 2*l + 344 = 0, u + 71 = 2*h - l. What is the units digit of h?
7
Let a be (-10)/15*-6 + 1. Suppose 4 = a*o - 11. What is the units digit of o?
3
Let m = 4608 - 2765. What is the tens digit of m?
4
Suppose -8*c - 556 = -1476. What is the hundreds digit of c?
1
Let z be 18/(-27) + ((-32)/(-6))/2. Suppose 3*l + 4*c = 105, -4*c - 34 - 16 = -z*l. What is the tens digit of l?
3
Let p(l) = -l**2 - 3*l + 12. Let m be p(-7). 